sands digit of 22950?
2
What is the units digit of 268?
8
What is the thousands digit of 206129?
6
What is the units digit of 5064?
4
What is the ten thousands digit of 29129?
2
What is the units digit of 611?
1
What is the tens digit of 444?
4
What is the hundreds digit of 9096?
0
What is the units digit of 753?
3
What is the hundred thousands digit of 179769?
1
What is the tens digit of 1055?
5
What is the hundreds digit of 489?
4
What is the units digit of 106919?
9
What is the units digit of 646?
6
What is the hundreds digit of 7532?
5
What is the thousands digit of 5482?
5
What is the tens digit of 45870?
7
What is the hundreds digit of 4129?
1
What is the units digit of 8812?
2
What is the tens digit of 1116?
1
What is the hundreds digit of 539?
5
What is the thousands digit of 68756?
8
What is the units digit of 624?
4
What is the hundreds digit of 14793?
7
What is the units digit of 520?
0
What is the hundreds digit of 8968?
9
What is the tens digit of 2277?
7
What is the units digit of 15798?
8
What is the hundreds digit of 2534?
5
What is the tens digit of 5071?
7
What is the thousands digit of 4586?
4
What is the thousands digit of 5716?
5
What is the tens digit of 632?
3
What is the thousands digit of 14910?
4
What is the tens digit of 49?
4
What is the units digit of 454?
4
What is the thousands digit of 107377?
7
What is the units digit of 3475?
5
What is the hundreds digit of 20223?
2
What is the units digit of 578?
8
What is the tens digit of 596?
9
What is the hundreds digit of 1155?
1
What is the tens digit of 1384?
8
What is the tens digit of 5905?
0
What is the hundreds digit of 221?
2
What is the units digit of 2173?
3
What is the units digit of 49589?
9
What is the hundreds digit of 642?
6
What is the units digit of 3790?
0
What is the tens digit of 2613?
1
What is the hundreds digit of 15251?
2
What is the tens digit of 5322?
2
What is the tens digit of 99249?
4
What is the tens digit of 407?
0
What is the tens digit of 720?
2
What is the tens digit of 1434?
3
What is the tens digit of 536?
3
What is the units digit of 14873?
3
What is the hundred thousands digit of 130819?
1
What is the thousands digit of 3983?
3
What is the units digit of 860?
0
What is the thousands digit of 158841?
8
What is the units digit of 35615?
5
What is the units digit of 22529?
9
What is the tens digit of 216?
1
What is the thousands digit of 1138?
1
What is the hundreds digit of 16627?
6
What is the thousands digit of 2983?
2
What is the tens digit of 2981?
8
What is the hundreds digit of 1032?
0
What is the thousands digit of 2301?
2
What is the units digit of 5157?
7
What is the hundreds digit of 679?
6
What is the units digit of 78914?
4
What is the tens digit of 22604?
0
What is the units digit of 330?
0
What is the units digit of 3162?
2
What is the hundreds digit of 872?
8
What is the thousands digit of 3007?
3
What is the hundreds digit of 533?
5
What is the hundreds digit of 887?
8
What is the units digit of 57245?
5
What is the units digit of 4554?
4
What is the units digit of 4499?
9
What is the ten thousands digit of 15618?
1
What is the tens digit of 585?
8
What is the units digit of 823?
3
What is the thousands digit of 4920?
4
What is the units digit of 31841?
1
What is the hundred thousands digit of 133327?
1
What is the hundreds digit of 63503?
5
What is the tens digit of 33764?
6
What is the hundreds digit of 213?
2
What is the thousands digit of 109296?
9
What is the thousands digit of 1261?
1
What is the units digit of 3166?
6
What is the tens digit of 1299?
9
What is the hundreds digit of 301?
3
What is the tens digit of 764?
6
What is the thousands digit of 5994?
5
What is the thousands digit of 28864?
8
What is the tens digit of 91?
9
What is the tens digit of 365?
6
What is the thousands digit of 45133?
5
What is the ten thousands digit of 28857?
2
What is the units digit of 352?
2
What is the tens digit of 249?
4
What is the hundreds digit of 8795?
7
What is the hundreds digit of 6423?
4
What is the hundreds digit of 318?
3
What is the thousands digit of 1674?
1
What is the tens digit of 12027?
2
What is the tens digit of 694?
9
What is the tens digit of 14243?
4
What is the hundreds digit of 5688?
6
What is the tens digit of 818?
1
What is the tens digit of 1023?
2
What is the hundreds digit of 8076?
0
What is the thousands digit of 23414?
3
What is the ten thousands digit of 26225?
2
What is the ten thousands digit of 62722?
6
What is the units digit of 32367?
7
What is the tens digit of 9570?
7
What is the tens digit of 30456?
5
What is the hundreds digit of 31568?
5
What is the tens digit of 3029?
2
What is the hundreds digit of 394?
3
What is the hundreds digit of 1247?
2
What is the ten thousands digit of 113301?
1
What is the tens digit of 8914?
1
What is the ten thousands digit of 36316?
3
What is the units digit of 7379?
9
What is the tens digit of 14482?
8
What is the hundreds digit of 9109?
1
What is the hundred thousands digit of 153754?
1
What is the hundreds digit of 89418?
4
What is the hundreds digit of 1236?
2
What is the tens digit of 546?
4
What is the tens digit of 56954?
5
What is the hundreds digit of 36906?
9
What is the units digit of 23373?
3
What is the units digit of 157679?
9
What is the units digit of 326?
6
What is the thousands digit of 10292?
0
What is the tens digit of 198?
9
What is the tens digit of 240?
4
What is the hundreds digit of 130?
1
What is the tens digit of 1760?
6
What is the units digit of 21144?
4
What is the tens digit of 65074?
7
What is the tens digit of 9366?
6
What is the ten thousands digit of 21434?
2
What is the tens digit of 7496?
9
What is the hundreds digit of 118686?
6
What is the units digit of 2323?
3
What is the tens digit of 64422?
2
What is the tens digit of 10605?
0
What is the thousands digit of 93146?
3
What is the ten thousands digit of 42586?
4
What is the hundreds digit of 1356?
3
What is the units digit of 15045?
5
What is the thousands digit of 9339?
9
What is the hundreds digit of 560?
5
What is the tens digit of 867?
6
What is the hundreds digit of 13398?
3
What is the tens digit of 11916?
1
What is the thousands digit of 4063?
4
What is the units digit of 442?
2
What is the tens digit of 1545?
4
What is the ten thousands digit of 14119?
1
What is the hundreds digit of 57766?
7
What is the hundreds digit of 68120?
1
What is the tens digit of 4117?
1
What is the hundreds digit of 3779?
7
What is the units digit of 9570?
0
What is the hundreds digit of 892?
8
What is the thousands digit of 1795?
1
What is the tens digit of 612?
1
What is the hundred thousands digit of 101182?
1
What is the units digit of 776?
6
What is the units digit of 518?
8
What is the hundreds digit of 966?
9
What is the units digit of 458?
8
What is the thousands digit of 6377?
6
What is the thousands digit of 182489?
2
What is the thousands digit of 6380?
6
What is the thousands digit of 1641?
1
What is the ten thousands digit of 13163?
1
What is the hundreds digit of 1517?
5
What is the tens digit of 12266?
6
What is the units digit of 5307?
7
What is the hundreds digit of 2287?
2
What is the tens digit of 24703?
0
What is the tens digit of 17534?
3
What is the hundreds digit of 126798?
7
What is the units digit of 1446?
6
What is the tens digit of 194?
9
What is the tens digit of 461?
6
What is the hundreds digit of 59649?
6
What is the tens digit of 176?
7
What is the tens digit of 11367?
6
What is the hundreds digit of 613?
6
What is the tens digit of 5021?
2
What is the tens digit of 1484?
8
What is the hundreds digit of 1519?
5
What is the units digit of 72024?
4
What is the units digit of 150474?
4
What is the ten thousands digit of 19115?
1
What is the thousands digit of 1867?
1
What is the tens digit of 3038?
3
What is the units digit of 35685?
5
What is the units digit of 5945?
5
What is the thousands digit of 1468?
1
What is the hundreds digit of 20509?
5
What is the hundreds digit of 425?
4
What is the units digit of 12214?
4
What is the hundreds digit of 2183?
1
What is the hundred thousands digit of 200607?
2
What is the hundreds digit of 895?
8
What is the tens digit of 119715?
1
What is the ten thousands digit of 25540?
2
What is the tens digit of 298